2 - (2 - -1 - 18)?
19
What is the value of 0 + 7 + (0 - -26)?
33
Calculate 3 + -8 + 1 + -3 - -9.
2
What is the value of -23 - (24 - 72 - -8)?
17
What is the value of -2 + 3 + (-16 - -12 - 3) + 5?
-1
What is the value of 1 + -2 + 11 + 226 + -242 - -2?
-4
-30 + 14 - (18 - 22 - (-1 - -4))
-9
-1 + -9 - (-27 - 0) - -8 - 3
22
Evaluate -134 + 152 - (1 - -33).
-16
What is the value of 19 + -2 + (8 - (-15 + 27))?
13
What is 24 - -21 - 1 - (10 - -5)?
29
Evaluate 0 - (19 - 18) - -18.
17
Calculate -5 + (14 - 21) + 21.
9
What is the value of 41 - 54 - (-4 + -4)?
-5
Calculate 24 + -3 + (17 - 24).
14
4 + (5 - (-1 + (8 - 2)))
4
What is (12 - 3 - (11 - 6)) + 2?
6
Evaluate -6 + 1 + -2 + 25 + -13 + -8.
-3
Calculate 2 - (-9 - (12 - 26)).
-3
Calculate -2 + 1 + 9 + 4 + -2.
10
-95 + 95 + -3 + (3 + 0 - 1)
-1
What is the value of (6 - 2) + (-20 - (15 + -24)) + 11?
4
0 + -13 - (-106 - -79)
14
Calculate -32 - -32 - (-10 - ((-6 - -5) + -6)).
3
What is the value of 14 - (-5 + 17 + -12)?
14
Calculate -1 + 3 - 1 - -13 - (12 + -8).
10
Evaluate (1 - -4) + -17 + (5 - -16) + 5.
14
-4 + 3 - -11 - (44 - 19 - 20)
5
Calculate 18 + 10 - -6 - 17 - (8 - 0).
9
What is the value of -14 - (-34 + (6 - -7))?
7
What is (1 - -17) + -7 - (18 - 2) - -39?
34
Calculate 12 - (3 + -7 - -9 - 3).
10
What is -8 - (18 + -22) - (3 + -1)?
-6
(26 - -7) + (-32 - 7)
-6
Evaluate -2 - ((-7 - 0) + (13 - 12)).
4
Evaluate -18 + 11 - 26 - -27.
-6
Calculate -16 + 1 + -2 - -15.
-2
(-5 - 0) + (-74 + 76 - (5 + 1))
-9
What is 9 - ((18 - -15) + -55)?
31
670 + -674 - (9 - -1)
-14
What is the value of (-25 - -30) + (4 - (-1 + -3 + 4))?
9
What is the value of -3 + 20 + (-11 - -1) + -10?
-3
Calculate -10 + (-69 - -26) + 28.
-25
Calculate (14 - 5) + -4 - (-4 + 2).
7
Evaluate (6 - 1 - 0) + (-14 - -38) + 4.
33
What is -99 + 99 - (8 + -1)?
-7
Calculate (1 + (-3 - -3) - 0) + 3 + -12.
-8
What is the value of (-37 + 35 - -5) + -38 + -1?
-36
What is the value of 8 - (-11 - (-13 + 11)) - 0?
17
What is 0 + -4 - ((-4 - -2) + 8 + 0)?
-10
What is the value of (10 - (1 + 13) - 0) + -24?
-28
Calculate 9 + (31 - 2 - 14).
24
-2 - 10 - (-24 + 30) - -6
-12
-13 + -2 + (45 - (-53 - -109))
-26
What is -4 - -11 - (6 - -7)?
-6
What is (-27 - -28) + 36 - 19?
18
What is (2 + -7 + 2 - -1) + -2 + 10?
6
Calculate (10 + 6 - -3) + -4 + 1 - -1.
17
What is the value of -13 + -2 + 3 + 0 - (140 - 130)?
-22
What is the value of -9 - -5 - (-8 - (5 + -24 - -8))?
-7
Evaluate 22 + (1 - -2) + -11 + 6.
20
What is the value of 0 + -15 + -11 + 4?
-22
What is (-8 - (-4 - 1)) + (5 - (1 - 0))?
1
What is the value of 12 - (7 + -1 - -7)?
-1
-7 + (-23 - -8) + (7 - 14)
-29
Evaluate -12 + (4 + -5 - -1).
-12
(-3 - 12) + -6 - -36
15
What is the value of -16 + (41 + -7 - 17)?
1
-32 + (-11 - -16 - -18)
-9
Evaluate (2 - (1 - 8)) + 26 + (10 - 37).
8
Evaluate (-1 - (11 + -2 - 7)) + (-1 - 23).
-27
What is the value of -2 + 7 + (1 - 0) - 3?
3
Calculate 14 + -66 + 5 + 28.
-19
What is (4 + -2 - (14 + -12)) + (2 - 1)?
1
18 - ((-3 - -2) + (-12 - -17))
14
What is the value of -38 - ((-91 - -34) + 31)?
-12
What is the value of -30 + (-16 - 0 - -46)?
0
What is the value of -31 + (3 - 3 - -8) + (8 - -1)?
-14
(60 + 13 - 75) + (-1 - (1 + 10))
-14
What is -26 + 42 + -28 + 6?
-6
15 + -32 + (-2 - -6) - -24
11
What is -116 + 105 - (-20 + 1)?
8
What is (-2 - 1) + 15 + (4 + -14 - -1)?
3
-3 + 2 + (-6 - (5 - 5 - -2))
-9
Calculate (12 + -35 - -15) + (-4 - -21).
9
Evaluate 10 + -29 + 2 + 9 - -9.
1
Evaluate -16 + (24 - 8 - 17).
-17
What is (2 - 10) + (33 - (-10 - (9 - 24)))?
20
What is (3 - -1) + 8 - 18?
-6
What is the value of 2 - 12 - (1 - 4) - (5 - 11)?
-1
Evaluate 61 - 37 - 29 - (13 - -1).
-19
What is (-3 - (8 + -16 - -2)) + -1 + -6?
-4
-8 + 14 + 3 + -27
-18
What is the value of (398 - 232) + -175 + 11 + (0 - 0)?
2
(-20 - 0 - -7) + 13
0
Calculate -21 + 1 + 2 + (41 - 37) + 8.
-6
Calculate -3 + -5 - (-1 + (-7 - 1)).
1
What is (2 - 17) + -16 + 5?
-26
What is the value of -23 - -33 - (-4 + 3)?
11
Calculate (-2 - 1) + 212 + -197.
12
What is 6 - ((-11 - 2) + (-15 - -10) + 3)?
21
What is 0 + (-20 - (-22 + 20) - -20)?
2
(-3 - (1 + 6 + -4)) + -1
-7
What is the value of (17 - -4) + -20 - (-15 + 7)?
9
Evaluate 102 + -118 - (0 + -1 + -7).
-8
What is 5 - 1 - (32 + 29 + -64)?
7
Evaluate 9 - (-13 - (29 + -38)).
13
What is 6 + -12 - (54 + -65)?
5
What is the value of -1 - 0 - (-1 - (-4 - -6))?
2
What is the value of 6 + (-4 + (2 - 7) - 7) - 4?
-14
What is 31 - (-12 + 39 + -19)?
23
-2 - ((15 - 12) + (-6 - (-2 - -3)))
2
What is 43 - ((23 - 16) + 4 + -3 + 1)?
34
-4 + 6 + -11 - (17 + (-5 - 14))
-7
Calculate (9 - 23) + (0 - (2 + -2 - -2)).
-16
What is the value of 20 + -5 + (3 + -9 - 2) + 7?
14
(-2 - -4 - -15) + (47 - -1 - 56)
9
Calculate 3 + -4 + 32 + -39 + -11.
-19
Calculate 8 + (-12 - 3) + -17 + 20.
-4
What is the value of -20 + 16 + -12 + 12?
-4
What is the value of (-16 - (-37 - -20 - (-9 + 0))) + 5?
-3
Evaluate (5 - (3 - 14)) + -30.
-14
What is 0 - (0 + 7 + -4) - -5?
2
Calculate -1 - (63 + -73) - (-1 + 0 + 0).
10
Evaluate -12 + -43 + 21 - -13.
-21
What is the value of -9 - (19 - (13 - 8 - -5))?
-18
17 + (12 + 16 + -21 - -2)
26
Calculate 2 - (-6 - (-3 - (-4 + -6 + 5))).
10
Evaluate (7 - (11 + 6)) + 13.
3
What is the value of (-8 - (-7 + -3)) + 6 + -23 + -6?
-21
What is -17 + -1 - (-22 + 4 + 10)?
-10
What is 2 - (1 + -1 - (-4 - -29))?
27
Calculate (-25 - (-9 + -8)) + -15.
-23
Evaluate 1 - -3 - ((-11 - 5) + 24).
-4
Evaluate 2 + 5 - ((-14 - -6) + -6).
21
-23 + (-14 - (-5 - 21))
-11
What is 1 - (34 + (-18 - -12) + (-2 - -3))?
-28
Calculate 63 - (11 - -30 - 6).
28
What is (-1 - (6 + -2)) + -1 + -1 + -11?
-18
-25 + (2 + -30 - -65)
12
What is (-12 - -22) + (-1 - -1) + 23 + -29?
4
What is the value of (18 - -1) + (-1298 - -1272)?
-7
Calculate 17 + (-12 - (0 + 8)).
-3
What is the value of 1 + 14 + -1 - 4?
10
What is -3 + 1 + 4 + -78 + 86?
10
Calculate 1 + 1 + -8 + 8.
2
What is the value of -13 + 82 + -76 + -1 + -1 - 16?
-25
Evaluate 4 - 4 - (-3 - (-7 + 3 + 28)).
27
What is 8 + (10 - 2) + -12 + -11 + 43?
36
Evaluate -29 + 10 - (3 + -5) - 17.
-34
What is 9 + -5 + (8 - 5) - -4?
11
Evaluate 10 + -12 + (-2 - 2) - 12.
-18
-25 - (12 + 0 + -9 - 15)
-13
(1 - (-5 + 1) - (-7 + 18)) + -13
-19
(0 - -3 - -2) + 2 + (-11 - -2)
-2
What is 0 - 10 - ((5 - -8) + -7)?
-16
Calculate -45 + 27 + -9 - 12.
-39
Evaluate 8 - (18 + -16) - (1 + -1).
6
What is (40 - 0) + 367 + -392?
15
(8 - 14 - (0 + -12)) + 7
13
(-66 - -47) + 7 + 47 + 4
39
What is (-54 - (-7 + 1 + -14)) + 6?
-28
What is -5 + 18 + 0 - (-58 - -42)?
29
What is the value of 2 + 3 - 5 - 5?
-5
(-17 - -27) + -4 + -4 + 2 + 7
11
What is the value of -14 - (21 + -1 - (-41 - -58))?
-17
Calculate 10 + -5 + (-1 - -2) + (6 - 42).
-30
Calculate (1 - 8) + (-11 - (-68 - -41)).
9
-27 + -18 + 34 + 0
-11
What is the value of 9 + (5 - (5 - (9 - 4))) + -6?
8
(-3 - (-5 + 3 + -2)) + -7
-6
Evaluate (-68 - (52 + -112)) + 24 + (1 - 2).
15
13 - 5 - (144 + -118)
-18
Calculate (1 - 7 - (-10 - (-6 - 3))) + 7.
2
Calculate 15 + (-31 + 10 - -16) - (-23 - 0).
33
-3 + (2 - -5 - (38 + -32)) + -10
-12
What is the value of -32 + 10 - (4 - (16 - 3))?
-13
Calculate -16 - (1 + 2 + (4 - 9)).
-14
What is the value of 0 + -8 - (4 + -5) - (5 + 1)?
-13
What is (-4 - 12) + 1 + 2?
-13
Evaluate -4 + (-5 - (-28 - -14)).
5
What is 1 - -12 - (212 + -185)?
-14
What is the value of -6 + 25 + 1 + -1 + -7?
12
What is the value of -7 + -18 + 35 - (-1 + 2)?
9
What is the value of (1 - 3) + 2 + -5 + 103 + -110?
-12
3 - (11 - -6) - -12
-2
What is the value of 18 - 19 - (3 - (0 - -10) - 3)?
9
What is the value of (-205 - -224) + 18 + -3?
34
Calculate -2 + 5 + (-1 - -4) + -1.
5
(5 - (-23 + -4)) + 0 + -4
28
Calculate (0 - -2) + -5 + -10.
-13
Evaluate -8 + 15 + 17 + -30.
-6
What is 26 + (-27 - -16) - -5?
20
31 + -24 - (63 - 92)
36
What is the value of 26 - (-14 + 14 + 1 + (-6 - 0))?
31
Calculate -16 + (33 + -20 - -2).
-1
What is the value of 2 + -3 + -1 + 41 + (-16 - 31)?
-8
Calculate 3 + -1 + 20 + -17.
5
-10 + (10 - 5) - (-14 + 21)
-12
What is the value of 2 - (11 - (-13 + -1) - 13)?
-10
Evaluate -1 + -27 + (11 - -2).
-15
What is 1 + 17 + -26 + 5 + 3?
0
What is the value of (-3 - (-3 + 21)) + 9 + -2?
-14
What is the value of 7 + (2 + 4 - 11)?
2
13 - 4 - (14 - -13)
-18
9 + 31 - (-8 + 31)
17
What is 16 + 0 - ((-11 - -15) + 2)?
10
What is 3 + (-3